{"id":8249,"date":"2021-01-13T02:45:22","date_gmt":"2021-01-13T05:45:22","guid":{"rendered":"https:\/\/www.geoperito.com.br\/geoperito\/ead\/?post_type=product&#038;p=8249"},"modified":"2025-07-15T14:30:10","modified_gmt":"2025-07-15T17:30:10","slug":"em-breve-triologia-olho-de-tigre","status":"publish","type":"product","link":"https:\/\/www.geoperito.com.br\/geoperito\/ead\/produto\/em-breve-triologia-olho-de-tigre\/","title":{"rendered":"TRIOLOGIA GEOPERITO &#8211; Conte\u00fado in\u00e9dito e exclusivo, preparo voc\u00ea para atuar na per\u00edcia judicial e extrajudicial, ensino com elaborar uma proposta t\u00e9cnica matadora e lhe mostro onde conseguir demandas ambientais de trabalho!"},"content":{"rendered":"\t\t<div data-elementor-type=\"wp-post\" data-elementor-id=\"8249\" class=\"elementor elementor-8249\">\n\t\t\t\t\t\t<section class=\"elementor-section elementor-top-section elementor-element elementor-element-10039943 elementor-section-boxed elementor-section-height-default elementor-section-height-default exad-glass-effect-no exad-sticky-section-no\" data-id=\"10039943\" data-element_type=\"section\" data-e-type=\"section\">\n\t\t\t\t\t\t<div class=\"elementor-container elementor-column-gap-default\">\n\t\t\t\t\t<div class=\"elementor-column elementor-col-100 elementor-top-column elementor-element elementor-element-4c62ac05 exad-glass-effect-no exad-sticky-section-no\" data-id=\"4c62ac05\" data-element_type=\"column\" data-e-type=\"column\">\n\t\t\t<div class=\"elementor-widget-wrap elementor-element-populated\">\n\t\t\t\t\t\t<div class=\"elementor-element elementor-element-5f95278b exad-sticky-section-no exad-glass-effect-no elementor-widget elementor-widget-text-editor\" data-id=\"5f95278b\" data-element_type=\"widget\" data-e-type=\"widget\" data-widget_type=\"text-editor.default\">\n\t\t\t\t<div class=\"elementor-widget-container\">\n\t\t\t\t\t\t\t\t\t<h3 style=\"text-align: center;\"><span style=\"font-size: 36pt; color: #000000;\">TRIOLOGIA GEOPERITO<\/span><\/h3>\n<p><img fetchpriority=\"high\" decoding=\"async\" class=\"aligncenter wp-image-14517 size-full\" src=\"https:\/\/www.geoperito.com.br\/geoperito\/ead\/wp-content\/uploads\/2023\/08\/triologia.png\" alt=\"\" width=\"1005\" height=\"802\" \/><\/p>\n<p>\u00a0<\/p>\n<p style=\"text-align: justify;\"><span style=\"color: #000000;\">O curso \u00e9 indicado profissionais de diversas \u00e1reas como engenheiros, bi\u00f3logos, gestores ambientais,<\/span><span style=\"color: #000000; text-align: justify;\">\u00a0ec\u00f3logos, arquitetos, ge\u00f3grafos, agr\u00f4nomos, etc. O mercado de trabalho para profissionais peritos que atuar\u00e3o na produ\u00e7\u00e3o de laudos e pareceres t\u00e9cnicos \u00e9 promissor.<\/span><\/p>\n<p>\u00a0<\/p>\n<p style=\"text-align: justify;\"><span style=\"color: #000000;\">A demanda por tais servi\u00e7os aumenta diariamente a curto e m\u00e9dio prazos, principalmente pela retomada da recupera\u00e7\u00e3o econ\u00f4mica brasileira. Assim, a produ\u00e7\u00e3o de laudos e pareceres, seja por interm\u00e9dio de per\u00edcia ambiental ou atrav\u00e9s de consultoria, por exemplo, trata-se de uma \u00f3tima fonte de trabalho tanto a profissionais empregados quanto a profissionais aut\u00f4nomos.<\/span><\/p>\n<p><span style=\"color: #000000;\">Ficou interessado? Assista o v\u00eddeo abaixo:<\/span><\/p>\n\n<h1 style=\"text-align: center;\"><span style=\"font-size: 36pt; color: #000000;\">TRIOLOGIA GEOPERITO<\/span><\/h1>\n<h1 style=\"text-align: center;\"><span style=\"color: #000000;\"><strong style=\"font-size: 16px;\">ORIENTA\u00c7\u00c3O PROFISSIONAL PARA O MERCADO DE PER\u00cdCIAS AMBIENTAIS<\/strong><\/span><\/h1>\n<h4><span style=\"color: #000000;\"><img decoding=\"async\" class=\"wp-image-10191 alignright\" src=\"https:\/\/www.geoperito.com.br\/geoperito\/ead\/wp-content\/uploads\/2019\/02\/produto2-300x300.png\" alt=\"\" width=\"306\" height=\"306\" srcset=\"https:\/\/www.geoperito.com.br\/geoperito\/ead\/wp-content\/uploads\/2019\/02\/produto2-300x300.png 300w, https:\/\/www.geoperito.com.br\/geoperito\/ead\/wp-content\/uploads\/2019\/02\/produto2-150x150.png 150w, https:\/\/www.geoperito.com.br\/geoperito\/ead\/wp-content\/uploads\/2019\/02\/produto2-100x100.png 100w, https:\/\/www.geoperito.com.br\/geoperito\/ead\/wp-content\/uploads\/2019\/02\/produto2.png 348w\" sizes=\"(max-width: 306px) 100vw, 306px\" \/><\/span><\/h4>\n<div>\n<h1 style=\"text-align: left;\"><span style=\"color: #000000;\"><strong style=\"font-size: 16px;\">M\u00d3DULO 01 <\/strong><\/span><\/h1>\n<h4><span style=\"color: #000000;\">Apresenta\u00e7\u00e3o;<\/span><\/h4>\n<ul>\n<li style=\"text-align: justify;\"><span style=\"color: #000000;\">\u00a0Objetivo;<\/span><\/li>\n<li style=\"text-align: justify;\"><span style=\"color: #000000;\">\u00a0Forma\u00e7\u00e3o do perito;<\/span><\/li>\n<li style=\"text-align: justify;\"><span style=\"color: #000000;\">\u00a0O mercado de per\u00edcias;<\/span><\/li>\n<li style=\"text-align: justify;\"><span style=\"color: #000000;\">\u00a0Deveres\/normas\/procedimentos do perito;<\/span><\/li>\n<li style=\"text-align: justify;\"><span style=\"color: #000000;\">Passo a passo (Cadastramento no banco de peritos);<\/span><\/li>\n<li style=\"text-align: justify;\"><span style=\"color: #000000;\">Demonstra\u00e7\u00e3o sobre os tributos fiscais que voc\u00ea precisa custear pra atuar legalizado;<\/span><\/li>\n<li style=\"text-align: justify;\"><span style=\"color: #000000;\">Fui nomeado, e agora o que fazer ?<\/span><\/li>\n<li style=\"text-align: justify;\"><span style=\"color: #000000;\">\u00a0E agora como fazer os honor\u00e1rios periciais?<\/span><\/li>\n<\/ul>\n<span style=\"color: #000000;\">Dura\u00e7\u00e3o:1:30 minutos<\/span><\/div>\n<h4><span style=\"color: #000000;\"><strong>M\u00d3DULO 02 \u2013 PROPOSTA DE HONOR\u00c1RIOS PERICIAIS<\/strong><\/span><\/h4>\n<div><span style=\"color: #000000;\"><img decoding=\"async\" class=\"aligncenter wp-image-1376 size-full\" src=\"https:\/\/www.geoperito.com.br\/geoperito\/ead\/wp-content\/uploads\/2019\/05\/eboook.jpg\" alt=\"\" width=\"1024\" height=\"512\" \/><\/span>\n<ul style=\"text-align: justify;\">\n<li><span style=\"color: #000000;\">Honor\u00e1rios do perito algumas caracter\u00edsticas inerente ao of\u00edcio do perito.<\/span><\/li>\n<li><span style=\"color: #000000;\">Compreendendo os aspectos importantes na hora de montar uma proposta pericial;<\/span><\/li>\n<li><span style=\"color: #000000;\">Elabora\u00e7\u00e3o da proposta t\u00e9cnica: O perito deve elaborar a proposta de honor\u00e1rios estimando, o n\u00famero de horas para a realiza\u00e7\u00e3o do trabalho\u00a0 por etapa e por qualifica\u00e7\u00e3o\u00a0 dos profissionais que atua junto com ele ( Auxiliares, assistentes ou outros consultores s\u00eaniors)<\/span><\/li>\n<li><span style=\"color: #000000;\">Como planejar uma sequ\u00eancia de atividades de um servi\u00e7os numa estrutura\u00a0 anal\u00edtica de projeto\u00a0 utilizando software espec\u00edfico;<\/span><\/li>\n<li><span style=\"color: #000000;\">Aula pr\u00e1tica no software espec\u00edfico ( Apresenta\u00e7\u00e3o, instala\u00e7\u00e3o, manuseio de opera\u00e7\u00e3o dentro do software pra montar a proposta ou projeto.<\/span><\/li>\n<li><span style=\"color: #000000;\">Aula pr\u00e1tica: construiremos uma proposta\u00a0 pericial de 4 fases passo a passo demonstrando cada detalhe do projeto, quantificando e precificando cada etapa do processo;<\/span><\/li>\n<li><span style=\"color: #000000;\">Ajustar os custos por atividade e saber onde voc\u00ea realmente ganha ou deixa de ganhar dinheiro;<\/span><\/li>\n<li><span style=\"color: #000000;\">Organizar um discurso de entrega de valor que potencializa seu retorno em rela\u00e7\u00e3o ao tempo dedicado no projeto;<\/span><\/li>\n<li><span style=\"color: #000000;\">Colocar isso tudo\u00a0 dentro de\u00a0 um modelo de proposta matadora de deixar as partes convencidas e sem argumentos para contestar os valores apresentados, deixando os mesmos interessados em\u00a0 acertar ou fechar a proposta de trabalho apresentada.<\/span><\/li>\n<li><span style=\"color: #000000;\">Mindset &#8211; Mentalidade vencedora;<\/span><\/li>\n<li><span style=\"color: #000000;\">Artigo falando sobre o perito ambiental x mercado de trabalho;<\/span><\/li>\n<li><span style=\"color: #000000;\">Modelo de requerimento para se apresentar ao juiz(a) em uma comarca ou f\u00f3rum;<\/span><\/li>\n<li><span style=\"color: #000000;\">Modelo de defesa de honor\u00e1rios e nomea\u00e7\u00e3o do perito judicial;<\/span><\/li>\n<li><span style=\"color: #000000;\">Certid\u00e3o do perito;<\/span><\/li>\n<li><span style=\"color: #000000;\">Modelo de apresenta\u00e7\u00e3o para um escrit\u00f3rio de advocacia;<\/span><\/li>\n<li><span style=\"color: #000000;\">Modelo de intima\u00e7\u00e3o por email;<\/span><\/li>\n<li><span style=\"color: #000000;\">Modelo de aceita\u00e7\u00e3o da nomea\u00e7\u00e3o;<\/span><\/li>\n<li><span style=\"color: #000000;\">Modelo de peti\u00e7\u00e3o de honor\u00e1rios com adiantamento;<\/span><\/li>\n<li><span style=\"color: #000000;\">Modelo de peti\u00e7\u00e3o de honor\u00e1rios com dep\u00f3sito antecipado. fundamentada com a tabela de honor\u00e1rios;<\/span><\/li>\n<li><span style=\"color: #000000;\">Modelo de proposta de honor\u00e1rios apresentando fundamenta\u00e7\u00e3o;<\/span><\/li>\n<li><span style=\"color: #000000;\">Modelo de peti\u00e7\u00e3o de complementa\u00e7\u00e3o de honor\u00e1rios;<\/span><\/li>\n<li><span style=\"color: #000000;\">Modelo de peti\u00e7\u00e3o requerendo alvar\u00e1 para levantamento de honor\u00e1rios depositados.;<\/span><\/li>\n<li><span style=\"color: #000000;\">Modelo de peti\u00e7\u00e3o de prorroga\u00e7\u00e3o de prazo para entrega de laudo do perito;<\/span><\/li>\n<li><span style=\"color: #000000;\">Modelo de peti\u00e7\u00e3o requerendo a destitui\u00e7\u00e3o da nomea\u00e7\u00e3o;<\/span><\/li>\n<li><span style=\"color: #000000;\">Modelo de peti\u00e7\u00e3o aceitando a per\u00edcia com assist\u00eancia judici\u00e1ria gratuita;<\/span><\/li>\n<li><span style=\"color: #000000;\">Modelo de peti\u00e7\u00e3o de prorroga\u00e7\u00e3o de prazo para entrega de parecer do assistente;<\/span><\/li>\n<li><span style=\"color: #000000;\">Modelo de proposta judicial;<\/span><\/li>\n<li><span style=\"color: #000000;\">Modelo de proposta extrajudicial;<\/span><\/li>\n<li><span style=\"color: #000000;\">Vocabul\u00e1rios jur\u00eddicos;<\/span><\/li>\n<li><span style=\"color: #000000;\">Termo de dilig\u00eancia;<\/span><\/li>\n<li><span style=\"color: #000000;\">Guia pr\u00e1tico de requisi\u00e7\u00e3o de pericias ambientais do MPMG;<\/span><\/li>\n<li><span style=\"color: #000000;\">Tabela de honor\u00e1rios pericias;<\/span><\/li>\n<li><span style=\"color: #000000;\">Planilha de contato da equipe t\u00e9cnica<\/span><\/li>\n<li><span style=\"color: #000000;\">Modelo de contrato de per\u00edcia para o assistente t\u00e9cnico.<\/span><\/li>\n<li><span style=\"color: #000000;\">Dicas de planejamento pra controlar os processos em que voc\u00ea foi nomeado.<\/span><\/li>\n<\/ul>\n<span style=\"color: #000000;\">Dura\u00e7\u00e3o: 7 horas<\/span><\/div>\n<h4><span style=\"color: #000000;\"><strong>LIBERANDO O OLHO DE TIGRE\u00a0 PARA\u00a0 DEMANDAS DO MERCADO EXTRAJUDICIAL.<\/strong><\/span><\/h4>\n<h4><span style=\"color: #000000;\"><img loading=\"lazy\" decoding=\"async\" class=\"wp-image-14386  alignright\" src=\"https:\/\/www.geoperito.com.br\/geoperito\/ead\/wp-content\/uploads\/2021\/10\/1-212x300.png\" alt=\"\" width=\"278\" height=\"394\" srcset=\"https:\/\/www.geoperito.com.br\/geoperito\/ead\/wp-content\/uploads\/2021\/10\/1-212x300.png 212w, https:\/\/www.geoperito.com.br\/geoperito\/ead\/wp-content\/uploads\/2021\/10\/1-724x1024.png 724w, https:\/\/www.geoperito.com.br\/geoperito\/ead\/wp-content\/uploads\/2021\/10\/1-768x1086.png 768w, https:\/\/www.geoperito.com.br\/geoperito\/ead\/wp-content\/uploads\/2021\/10\/1-1086x1536.png 1086w, https:\/\/www.geoperito.com.br\/geoperito\/ead\/wp-content\/uploads\/2021\/10\/1-520x736.png 520w, https:\/\/www.geoperito.com.br\/geoperito\/ead\/wp-content\/uploads\/2021\/10\/1-740x1047.png 740w, https:\/\/www.geoperito.com.br\/geoperito\/ead\/wp-content\/uploads\/2021\/10\/1-300x424.png 300w, https:\/\/www.geoperito.com.br\/geoperito\/ead\/wp-content\/uploads\/2021\/10\/1.png 1414w\" sizes=\"(max-width: 278px) 100vw, 278px\" \/><em><strong>Tigre solit\u00e1rio na \u201cselva de oportunidades\u201d\u2026<\/strong><\/em><\/span><\/h4>\n<h4><span style=\"color: #000000;\"><strong>M\u00d3DULO 03<\/strong><\/span><\/h4>\n<p><span style=\"color: #000000;\">Ementa do curso:<\/span><\/p>\n<ul>\n<li><span style=\"color: #000000;\">Duas frentes de atua\u00e7\u00e3o: O perito judicial e o extrajudicial;<\/span><\/li>\n<li><span style=\"color: #000000;\">Infografico da pericia judicial;<\/span><\/li>\n<li><span style=\"color: #000000;\">Metodologia baseada nas 16 Leis do sucesso de Napoleon Hill;<\/span><\/li>\n<li><span style=\"color: #000000;\">Mercado extrajudicial (Selva de oportunidades);<\/span><\/li>\n<li><span style=\"color: #000000;\">Mentalidade vencedora pra entrar no campo de batalha;<\/span><\/li>\n<li><span style=\"color: #000000;\">As fases de um processo ambiental;<\/span><\/li>\n<li>\u00a0<\/li>\n<\/ul>\n<p><strong><span style=\"color: #000000;\"><img loading=\"lazy\" decoding=\"async\" class=\"wp-image-7048 alignleft\" src=\"https:\/\/www.geoperito.com.br\/geoperito\/ead\/wp-content\/uploads\/2020\/11\/domine-a-selva-268x300.png\" alt=\"\" width=\"211\" height=\"236\" srcset=\"https:\/\/www.geoperito.com.br\/geoperito\/ead\/wp-content\/uploads\/2020\/11\/domine-a-selva-268x300.png 268w, https:\/\/www.geoperito.com.br\/geoperito\/ead\/wp-content\/uploads\/2020\/11\/domine-a-selva-300x336.png 300w, https:\/\/www.geoperito.com.br\/geoperito\/ead\/wp-content\/uploads\/2020\/11\/domine-a-selva.png 381w\" sizes=\"(max-width: 211px) 100vw, 211px\" \/><\/span><\/strong><\/p>\n<ul>\n<li><strong style=\"color: #000000;\">Como vai funcionar: O seu trabalho:<\/strong><\/li>\n<\/ul>\n<p>\u00a0<\/p>\n<ul>\n<li><span style=\"color: #000000;\">Estrat\u00e9gia 1 \u2013 Selecionando as oportunidades de ca\u00e7a;<\/span><\/li>\n<li><span style=\"color: #000000;\">Estrat\u00e9gia 2 \u2013 Fazendo contato com potenciais clientes;<\/span><\/li>\n<li><span style=\"color: #000000;\">Estrat\u00e9gia 3 \u2013 Acessar o processo diretamente no \u00f3rg\u00e3o ambiental;<\/span><\/li>\n<li><span style=\"color: #000000;\">Estrat\u00e9gia 4 \u2013 Acessar o processo ou obter autoriza\u00e7\u00e3o diretamente com o interessado;<\/span><\/li>\n<li><span style=\"color: #000000;\">Estrat\u00e9gia 5 \u2013 Levantar informa\u00e7\u00f5es do processo, planejar e abordar o cliente;<\/span><\/li>\n<li><span style=\"color: #000000;\">Estrat\u00e9gia 6 \u2013 Devolutiva do potencial cliente;<\/span><\/li>\n<li><span style=\"color: #000000;\">Estrat\u00e9gia 7 \u2013 Como precificar e vender seus servi\u00e7os.<\/span><\/li>\n<li>Em formato de Ebook treinamento e \u00e1udio.<\/li>\n<\/ul>\n<p style=\"text-align: center;\"><span style=\"font-size: 10pt; color: #000000;\"><strong><em>Ementa do curso: Dura\u00e7\u00e3o 7 horas e meia + Ebook treinamento de ca\u00e7a para demandas ambeintais.<\/em><\/strong><\/span><\/p>\n<p style=\"text-align: center;\">\u00a0<\/p>\n<div><strong><span style=\"color: #000000;\">Oportunidades de trabalho<\/span><\/strong>\n<p style=\"text-align: justify;\"><span style=\"color: #000000;\">O curso \u00e9 indicado profissionais de diversas \u00e1reas como engenheiros, bi\u00f3logos, gestores ambientais, ec\u00f3logos, arquitetos, ge\u00f3grafos, agr\u00f4nomos, etc. O mercado de trabalho para profissionais peritos que atuar\u00e3o na produ\u00e7\u00e3o de laudos e pareceres t\u00e9cnicos \u00e9 promissor. A demanda por tais servi\u00e7os aumenta diariamente a curto e m\u00e9dio prazos, principalmente pela retomada da recupera\u00e7\u00e3o econ\u00f4mica brasileira. Assim, a produ\u00e7\u00e3o de laudos e pareceres, seja por interm\u00e9dio de per\u00edcia ambiental ou atrav\u00e9s de consultoria, por exemplo, trata-se de uma \u00f3tima fonte de trabalho tanto a profissionais empregados quanto a profissionais aut\u00f4nomos.<\/span><\/p>\n<\/div>\n<p>\u00a0<\/p>\n<p><img loading=\"lazy\" decoding=\"async\" class=\"wp-image-14405 alignleft\" src=\"https:\/\/www.geoperito.com.br\/geoperito\/ead\/wp-content\/uploads\/2021\/10\/subindo-300x225.png\" alt=\"\" width=\"249\" height=\"187\" srcset=\"https:\/\/www.geoperito.com.br\/geoperito\/ead\/wp-content\/uploads\/2021\/10\/subindo-300x225.png 300w, https:\/\/www.geoperito.com.br\/geoperito\/ead\/wp-content\/uploads\/2021\/10\/subindo-1024x768.png 1024w, https:\/\/www.geoperito.com.br\/geoperito\/ead\/wp-content\/uploads\/2021\/10\/subindo-768x576.png 768w, https:\/\/www.geoperito.com.br\/geoperito\/ead\/wp-content\/uploads\/2021\/10\/subindo-1536x1152.png 1536w, https:\/\/www.geoperito.com.br\/geoperito\/ead\/wp-content\/uploads\/2021\/10\/subindo-520x390.png 520w, https:\/\/www.geoperito.com.br\/geoperito\/ead\/wp-content\/uploads\/2021\/10\/subindo-740x555.png 740w, https:\/\/www.geoperito.com.br\/geoperito\/ead\/wp-content\/uploads\/2021\/10\/subindo.png 2048w\" sizes=\"(max-width: 249px) 100vw, 249px\" \/><\/p>\n<p>\u00a0<\/p>\n<div>\n<p><strong>Geoperito \u2013 Solu\u00e7\u00f5es Ambientais<\/strong><\/p>\n<p><strong> <a title=\"Link: http:\/\/www.geoperito.com.br\/\" href=\"https:\/\/www.geoperito.com.br\/\" target=\"\" rel=\"noopener noreferrer\">www.geoperito.com.br<\/a><\/strong><\/p>\n<p><strong> <a title=\"Link: https:\/\/www.geoperito.com.br\/ead\/\" href=\"https:\/\/www.geoperito.com.br\/geoperito\/ead\/\" target=\"\" rel=\"noopener noreferrer\">www.geoperito.com.br\/geoperito\/ead\/<\/a> <\/strong><\/p>\n<p><strong>Email: geoperito1@geoperito.com.br <\/strong><\/p>\n<p><strong>Contato: (31) 993369149<\/strong><\/p>\n<\/div>\n<p>\u00a0<\/p>\n\t\t\t\t\t\t\t\t<\/div>\n\t\t\t\t<\/div>\n\t\t\t\t\t<\/div>\n\t\t<\/div>\n\t\t\t\t\t<\/div>\n\t\t<\/section>\n\t\t\t\t<\/div>\n\t\t","protected":false},"excerpt":{"rendered":"[embed]https:\/\/www.youtube.com\/watch?v=pA5LVT1i_iI&amp;list=PLHPCh125V3W-12YW1TwtKn6en6_S3Lx7g[\/embed]\n","protected":false},"featured_media":15931,"template":"","meta":[],"product_brand":[],"product_cat":[15],"product_tag":[],"class_list":{"0":"post-8249","1":"product","2":"type-product","3":"status-publish","4":"has-post-thumbnail","6":"product_cat-curso-de-pericia","8":"first","9":"instock","10":"sale","11":"product-type-external"},"_links":{"self":[{"href":"https:\/\/www.geoperito.com.br\/geoperito\/ead\/wp-json\/wp\/v2\/product\/8249","targetHints":{"allow":["GET"]}}],"collection":[{"href":"https:\/\/www.geoperito.com.br\/geoperito\/ead\/wp-json\/wp\/v2\/product"}],"about":[{"href":"https:\/\/www.geoperito.com.br\/geoperito\/ead\/wp-json\/wp\/v2\/types\/product"}],"version-history":[{"count":0,"href":"https:\/\/www.geoperito.com.br\/geoperito\/ead\/wp-json\/wp\/v2\/product\/8249\/revisions"}],"wp:featuredmedia":[{"embeddable":true,"href":"https:\/\/www.geoperito.com.br\/geoperito\/ead\/wp-json\/wp\/v2\/media\/15931"}],"wp:attachment":[{"href":"https:\/\/www.geoperito.com.br\/geoperito\/ead\/wp-json\/wp\/v2\/media?parent=8249"}],"wp:term":[{"taxonomy":"product_brand","embeddable":true,"href":"https:\/\/www.geoperito.com.br\/geoperito\/ead\/wp-json\/wp\/v2\/product_brand?post=8249"},{"taxonomy":"product_cat","embeddable":true,"href":"https:\/\/www.geoperito.com.br\/geoperito\/ead\/wp-json\/wp\/v2\/product_cat?post=8249"},{"taxonomy":"product_tag","embeddable":true,"href":"https:\/\/www.geoperito.com.br\/geoperito\/ead\/wp-json\/wp\/v2\/product_tag?post=8249"}],"curies":[{"name":"wp","href":"https:\/\/api.w.org\/{rel}","templated":true}]}}