{"id":5781,"date":"2020-07-13T00:46:40","date_gmt":"2020-07-13T03:46:40","guid":{"rendered":"https:\/\/www.geoperito.com.br\/geoperito\/ead\/?post_type=product&#038;p=5781"},"modified":"2025-09-01T16:29:37","modified_gmt":"2025-09-01T19:29:37","slug":"podcast-geoperito-mentalidade-vencedora","status":"publish","type":"product","link":"https:\/\/www.geoperito.com.br\/geoperito\/ead\/produto\/podcast-geoperito-mentalidade-vencedora\/","title":{"rendered":"Mentalidade Vencedora"},"content":{"rendered":"\t\t<div data-elementor-type=\"wp-post\" data-elementor-id=\"5781\" class=\"elementor elementor-5781\">\n\t\t\t\t<div class=\"elementor-element elementor-element-af5ee21 e-flex e-con-boxed e-con e-parent\" data-id=\"af5ee21\" data-element_type=\"container\" data-e-type=\"container\">\n\t\t\t\t\t<div class=\"e-con-inner\">\n\t\t\t\t<div class=\"elementor-element elementor-element-6811d2f exad-sticky-section-no exad-glass-effect-no elementor-widget elementor-widget-video\" data-id=\"6811d2f\" data-element_type=\"widget\" data-e-type=\"widget\" data-settings=\"{&quot;youtube_url&quot;:&quot;https:\\\/\\\/www.youtube.com\\\/watch?v=pA5LVT1i_iI&amp;t=11s&quot;,&quot;video_type&quot;:&quot;youtube&quot;,&quot;controls&quot;:&quot;yes&quot;}\" data-widget_type=\"video.default\">\n\t\t\t\t<div class=\"elementor-widget-container\">\n\t\t\t\t\t\t\t<div class=\"elementor-wrapper elementor-open-inline\">\n\t\t\t<div class=\"elementor-video\"><\/div>\t\t<\/div>\n\t\t\t\t\t\t<\/div>\n\t\t\t\t<\/div>\n\t\t\t\t\t<\/div>\n\t\t\t\t<\/div>\n\t\t\t\t<section class=\"elementor-section elementor-top-section elementor-element elementor-element-1ea92d14 elementor-section-boxed elementor-section-height-default elementor-section-height-default exad-glass-effect-no exad-sticky-section-no\" data-id=\"1ea92d14\" data-element_type=\"section\" data-e-type=\"section\">\n\t\t\t\t\t\t<div class=\"elementor-container elementor-column-gap-default\">\n\t\t\t\t\t<div class=\"elementor-column elementor-col-100 elementor-top-column elementor-element elementor-element-29ae5227 exad-glass-effect-no exad-sticky-section-no\" data-id=\"29ae5227\" data-element_type=\"column\" data-e-type=\"column\">\n\t\t\t<div class=\"elementor-widget-wrap elementor-element-populated\">\n\t\t\t\t\t\t<div class=\"elementor-element elementor-element-24386b4 exad-sticky-section-no exad-glass-effect-no elementor-widget elementor-widget-text-editor\" data-id=\"24386b4\" data-element_type=\"widget\" data-e-type=\"widget\" data-widget_type=\"text-editor.default\">\n\t\t\t\t<div class=\"elementor-widget-container\">\n\t\t\t\t\t\t\t\t\t<p style=\"text-align: center;\"><span style=\"font-size: 10pt;\"><em><span style=\"color: #000000; font-family: arial, helvetica, sans-serif;\"><strong>&#8220;Nenhum obst\u00e1culo \u00e9 t\u00e3o grande se a sua vontade de vencer for maior&#8221;. Desbravador Geoperito<\/strong><\/span><\/em><\/span><\/p><p style=\"text-align: justify;\"><span style=\"color: #000000;\"><strong><span style=\"font-size: 14pt;\">C<\/span>HAVES DO SUCESSO<\/strong><\/span><br \/><span style=\"font-family: arial, helvetica, sans-serif; color: #000000;\">Uma pessoa com autoconfian\u00e7a acredita nela, na sua capacidade e na capacidade <\/span><span style=\"font-family: arial, helvetica, sans-serif; color: #000000;\">das outras pessoas. Ela vive num estado de f\u00e9, de expectativa positiva. Por isso, ela <\/span><span style=\"font-family: arial, helvetica, sans-serif;\"><span style=\"color: #000000;\">vive melhor, mais segura, feliz, e vai atr\u00e1s dos seus sonhos e, mais cedo ou mais <\/span><span style=\"color: #000000;\">tarde, os realiza. Ela tem muito claro o que busca e n\u00e3o tem d\u00favida de que pode alcan\u00e7\u00e1-lo. Ela ignora a palavra \u201cimposs\u00edvel\u201d e n\u00e3o se importa com as derrotas tempor\u00e1rias, pois tem consci\u00eancia de que est\u00e1 caminhando para o sucesso e que os trope\u00e7os fazem parte desse caminho. Se um plano fracassar, ela o substitui por outro e segue adiante. N\u00e3o \u00e9 assim que voc\u00ea gostaria de viver? Mas a maioria de n\u00f3s vive completamente o oposto. Pense, por exemplo, naquilo que acontece com o vendedor que n\u00e3o possui a confian\u00e7a necess\u00e1ria em si ou no seu produto. O que acontece quando ele aborda um cliente em potencial? O cliente sentir\u00e1 sua falta de confian\u00e7a e, devido ao impacto que ela ter\u00e1 sobre ele, dificilmente acabar\u00e1 realizando a compra.<\/span><\/span><br \/><span style=\"font-family: arial, helvetica, sans-serif;\"><span style=\"color: #000000;\">Ou seja: os pensamentos do pr\u00f3prio vendedor ir\u00e3o sabotar seu desejo. <\/span><span style=\"color: #000000;\">Pense comigo: se um dem\u00f4nio quisesse destruir algu\u00e9m aos poucos, que arma ele <\/span><span style=\"color: #000000;\">usaria? Provavelmente come\u00e7aria destruindo a autoestima, a autoconfian\u00e7a e o <\/span><span style=\"color: #000000;\">autorespeito dessa pessoa. E a maneira de como fazer isso \u00e9 plantar pensamentos <\/span><span style=\"color: #000000;\">de incapacidade, incerteza, incoer\u00eancia e de inseguran\u00e7a na mente dela. <\/span><span style=\"color: #000000;\">E veja, o que acontece quando tudo est\u00e1 indo bem? <a href=\"https:\/\/www.geoperito.com.br\/geoperito\/ead\/\" target=\"_blank\" rel=\"noopener\"><img fetchpriority=\"high\" decoding=\"async\" class=\"alignleft wp-image-5967\" src=\"https:\/\/www.geoperito.com.br\/geoperito\/ead\/wp-content\/uploads\/2020\/08\/triologiaoficial-300x189.png\" alt=\"\" width=\"400\" height=\"252\" srcset=\"https:\/\/www.geoperito.com.br\/geoperito\/ead\/wp-content\/uploads\/2020\/08\/triologiaoficial-300x189.png 300w, https:\/\/www.geoperito.com.br\/geoperito\/ead\/wp-content\/uploads\/2020\/08\/triologiaoficial-1024x646.png 1024w, https:\/\/www.geoperito.com.br\/geoperito\/ead\/wp-content\/uploads\/2020\/08\/triologiaoficial-768x484.png 768w, https:\/\/www.geoperito.com.br\/geoperito\/ead\/wp-content\/uploads\/2020\/08\/triologiaoficial-520x328.png 520w, https:\/\/www.geoperito.com.br\/geoperito\/ead\/wp-content\/uploads\/2020\/08\/triologiaoficial-740x467.png 740w, https:\/\/www.geoperito.com.br\/geoperito\/ead\/wp-content\/uploads\/2020\/08\/triologiaoficial.png 1265w\" sizes=\"(max-width: 400px) 100vw, 400px\" \/><\/a>Ou quando voc\u00ea se decide a <\/span><span style=\"color: #000000;\">fazer pequenos avan\u00e7os di\u00e1rios na sua vida? O que acontece? Na maioria das vezes, aparecem aqueles pequenos dem\u00f4nios plantando essas sementes negativas na sua mente. E pode parecer que n\u00e3o, mas \u00e9 dali que nasce a baixa-autoestima, culpa, ansiedade, depress\u00e3o, medo da intimidade ou do sucesso, disfun\u00e7\u00f5es sexuais, imaturidade emocional, suic\u00eddios e at\u00e9 crimes violentos. E tudo isso leva a um resultado muito comum e poderoso: autossabotagem. Quando definir um prop\u00f3sito e criar uma mente mestra, voc\u00ea j\u00e1 avan\u00e7ou longe no caminho da sua realiza\u00e7\u00e3o pessoal. Voc\u00ea j\u00e1 se distanciou das massas, l\u00e1 do alto, j\u00e1 consegue ver tudo que deixou para tr\u00e1s&#8230; E \u00e9 aqui, nesse est\u00e1gio, que voc\u00ea vai cimentar essas conquistas, firm\u00e1-las, eliminando qualquer possibilidade de reca\u00edda.\u00a0<\/span><span style=\"color: #000000;\">Quando chegar aqui, voc\u00ea quer uma vida plena em todas as \u00e1reas da sua vida, e j\u00e1 <\/span><span style=\"color: #000000;\">sabe que pode conquista-la&#8230; E aqui, vamos garantir que voc\u00ea continue avan\u00e7ando, <\/span><span style=\"color: #000000;\">concentrando toda energia no fluxo natural das coisas, sem criar barreiras com <\/span><span style=\"color: #000000;\">pessoas, dinheiro, ou empecilhos de toda ordem que possam lhe desconcentrar e <\/span><span style=\"color: #000000;\">colocar seu objetivo em risco ou mesmo, torna-lo algo pesado.<\/span><\/span><\/p><p style=\"text-align: justify;\"><span style=\"font-size: 14pt; font-family: arial, helvetica, sans-serif;\"><strong><span style=\"color: #000000;\">A LEI<\/span><\/strong><\/span><br \/><span style=\"font-family: arial, helvetica, sans-serif;\"><span style=\"color: #000000;\">Pensamentos s\u00e3o criaturas que aprendem a se alimentar muito rapidamente. Uma <\/span><span style=\"color: #000000;\">vez que voc\u00ea os concebe, eles criam vida e buscam sua sobreviv\u00eancia a todo custo. <\/span><span style=\"color: #000000;\">E voc\u00ea, ent\u00e3o, ter\u00e1 de conviver e lidar com eles. Mas n\u00e3o s\u00f3 isso. \u00c9 do pensamento que nasce sua realidade. Assim como voc\u00ea pensa, voc\u00ea \u00e9. Por isso, o d\u00e9cimo primeiro passo em dire\u00e7\u00e3o ao sucesso e \u00e0 riqueza \u00e9: pense com precis\u00e3o, ou seja: como criamos nossa realidade com o pensamento, ao pensar com precis\u00e3o, isto \u00e9, pensar apenas naquilo que desejamos, desenvolvemos o poder m\u00e1gico de criar em nossa vida apenas aquilo que desejamos.<img decoding=\"async\" class=\"alignleft\" src=\"https:\/\/www.geoperito.com.br\/geoperito\/ead\/wp-content\/uploads\/2021\/06\/20210627_194707-225x300.jpg\" alt=\"\" width=\"225\" height=\"300\" \/><\/span><\/span><\/p><p style=\"text-align: justify;\"><span style=\"color: #000000; font-family: arial, helvetica, sans-serif;\"><strong>CHAVES DO SUCESSO<\/strong><\/span><br \/><span style=\"font-family: arial, helvetica, sans-serif;\"><span style=\"color: #000000;\">Sempre que o seu pensamento perde o foco, come\u00e7a o drama, as sucess\u00f5es de <\/span><span style=\"color: #000000;\">fantasias tr\u00e1gicas, as verdadeiras novelas que nossa mente cria, e o desfecho, <\/span><span style=\"color: #000000;\">nesses casos, sempre \u00e9 tr\u00e1gico. Na sua mente, tudo sempre termina com desastres acontecendo, pessoas lhe enganando, abandonando, traindo, e voc\u00ea sofrendo, brigando, perdendo, ficando sozinho e muitas vezes, o extremo: em morte. <\/span><span style=\"color: #000000;\">A mente \u00e9 um animal selvagem, e se voc\u00ea n\u00e3o aprender a dom\u00e1-la, tudo que ela <\/span><span style=\"color: #000000;\">far\u00e1, \u00e9 lhe levar para onde voc\u00ea n\u00e3o quer ir. Quando voc\u00ea n\u00e3o pensa com precis\u00e3o, quando a mente lhe domina, lhe arrastando para onde ela bem quiser, voc\u00ea sempre ir\u00e1 se sabotar&#8230; \u201cE se der errado\u201d, \u201ce se eu n\u00e3o for bom o suficiente\u201d, \u201co que os outros v\u00e3o pensar\u201d&#8230; as cr\u00edticas, as opini\u00f5es alheias, tudo se torna um peso que consome sua coragem, sua vontade, seu entusiasmo, sua for\u00e7a.<\/span><\/span><\/p><p style=\"text-align: justify;\"><span style=\"color: #000000; font-family: arial, helvetica, sans-serif;\">PENSAR COM PRECIS\u00c3O<\/span><\/p><div style=\"width: 1170px;\" class=\"wp-video\"><video class=\"wp-video-shortcode\" id=\"video-5781-1\" width=\"1170\" height=\"659\" poster=\"https:\/\/www.geoperito.com.br\/geoperito\/ead\/wp-content\/uploads\/2020\/07\/Azul-Saudacoes-de-Familia-Montagem-de-Fotos-1.png\" preload=\"metadata\" controls=\"controls\"><source type=\"video\/mp4\" src=\"https:\/\/www.geoperito.com.br\/geoperito\/ead\/wp-content\/uploads\/2020\/07\/Estoicismo-Do-Balboa-1-1444.m4v?_=1\" \/><a href=\"https:\/\/www.geoperito.com.br\/geoperito\/ead\/wp-content\/uploads\/2020\/07\/Estoicismo-Do-Balboa-1-1444.m4v\">https:\/\/www.geoperito.com.br\/geoperito\/ead\/wp-content\/uploads\/2020\/07\/Estoicismo-Do-Balboa-1-1444.m4v<\/a><\/video><\/div><p style=\"text-align: justify;\"><span style=\"font-family: arial, helvetica, sans-serif;\"><strong><span style=\"color: #000000; font-size: 14pt;\">APRENDA A TER UMA MENTE FOCADA<\/span><\/strong><\/span><\/p><p style=\"text-align: justify;\"><span style=\"color: #000000; font-family: arial, helvetica, sans-serif;\">Mas tudo isso vai acabar aqui: nesse est\u00e1gio &#8211; quando voc\u00ea aprender a pensar com <\/span><span style=\"font-family: arial, helvetica, sans-serif;\"><span style=\"color: #000000;\">precis\u00e3o! Ou seja: sua mente vai se tornar t\u00e3o focada que as distra\u00e7\u00f5es frequentes do dia a dia da maioria das pessoas, n\u00e3o passar\u00e3o mais nem perto do seu radar. <\/span><span style=\"color: #000000;\">Assim, simplesmente sem esfor\u00e7o algum, velhos inimigos como sempre pensar <\/span><span style=\"color: #000000;\">coisas negativas, a inseguran\u00e7a, se sentir incapaz, o perfeccionismo, mas tamb\u00e9m <\/span><span style=\"color: #000000;\">h\u00e1bitos destrutivos como comer demais e muita porcaria, como doces, biscoitos e <\/span><span style=\"color: #000000;\">pizzas, tomar refrigerantes ou consumir bebidas alco\u00f3licas, tudo isso some, <\/span><span style=\"color: #000000;\">desaparece. E tudo isso, porque seu foco, sua motiva\u00e7\u00e3o, agora \u00e9 outra. Sua mente est\u00e1 ativa, seu corpo tomado por uma energia infinita que quer correr, caminhar, se <\/span><span style=\"color: #000000;\">movimentar, viver, criar resultados. E assim, sem sacrif\u00edcios nem truques, voc\u00ea passa a ter uma vida saud\u00e1vel e ativa. Agora pergunto: esse tipo de qualidade de vida se parece com aquilo que voc\u00ea busca? Quando voc\u00ea come\u00e7ar a pensar com precis\u00e3o, vai experimentar uma vida leve, natural, onde voc\u00ea sabe o que quer, e est\u00e1 completamente focado nisso, agindo com tremendo vigor e entusiasmo todas as horas do seu dia.<\/span><\/span><\/p><p style=\"text-align: justify;\"><span style=\"color: #000000;\"><img decoding=\"async\" class=\"alignnone wp-image-232\" src=\"https:\/\/www.geoperito.com.br\/geoperito\/ead\/wp-content\/uploads\/2019\/02\/0001-389718323-300x300.png\" alt=\"\" width=\"227\" height=\"227\" srcset=\"https:\/\/www.geoperito.com.br\/geoperito\/ead\/wp-content\/uploads\/2019\/02\/0001-389718323-300x300.png 300w, https:\/\/www.geoperito.com.br\/geoperito\/ead\/wp-content\/uploads\/2019\/02\/0001-389718323-100x100.png 100w, https:\/\/www.geoperito.com.br\/geoperito\/ead\/wp-content\/uploads\/2019\/02\/0001-389718323-148x148.png 148w, https:\/\/www.geoperito.com.br\/geoperito\/ead\/wp-content\/uploads\/2019\/02\/0001-389718323-215x215.png 215w, https:\/\/www.geoperito.com.br\/geoperito\/ead\/wp-content\/uploads\/2019\/02\/0001-389718323-38x38.png 38w, https:\/\/www.geoperito.com.br\/geoperito\/ead\/wp-content\/uploads\/2019\/02\/0001-389718323-31x31.png 31w, https:\/\/www.geoperito.com.br\/geoperito\/ead\/wp-content\/uploads\/2019\/02\/0001-389718323-150x150.png 150w, https:\/\/www.geoperito.com.br\/geoperito\/ead\/wp-content\/uploads\/2019\/02\/0001-389718323.png 400w\" sizes=\"(max-width: 227px) 100vw, 227px\" \/><\/span><\/p><h5><span style=\"color: #000000;\"><b>Geoperito &#8211; Solu\u00e7\u00f5es Ambientais<\/b><\/span><br \/><span style=\"color: #000000;\"><a style=\"color: #000000;\" title=\"Link: http:\/\/www.geoperito.com.br\/\" href=\"http:\/\/www.geoperito.com.br\/\" target=\"\" rel=\"noopener noreferrer\">www.geoperito.com.br<\/a><\/span><br \/><span style=\"color: #000000;\"><a style=\"color: #000000;\" title=\"Link: https:\/\/www.geoperito.com.br\/ead\/\" href=\"http:\/\/www.geoperito.com.br\/geoperito\/ead\/\" target=\"\" rel=\"noopener noreferrer\">www.geoperito.com.br\/geoperito\/ead\/<\/a><\/span><br \/><span style=\"color: #000000;\">Email: geoperito1@geoperito.com.br<\/span><br \/><span style=\"color: #000000;\">Contato:<\/span> (31) 993369149<\/h5>\t\t\t\t\t\t\t\t<\/div>\n\t\t\t\t<\/div>\n\t\t\t\t\t<\/div>\n\t\t<\/div>\n\t\t\t\t\t<\/div>\n\t\t<\/section>\n\t\t\t\t<\/div>\n\t\t","protected":false},"excerpt":{"rendered":"<p><a href=\"https:\/\/geoperitocursosead.orbitpages.online\/mentalidade-vencedora\" target=\"_blank\" rel=\"noopener\"><img loading=\"lazy\" decoding=\"async\" class=\"aligncenter wp-image-7793 size-full\" src=\"https:\/\/www.geoperito.com.br\/geoperito\/ead\/wp-content\/uploads\/2020\/12\/sound.png\" alt=\"\" width=\"1130\" height=\"263\" srcset=\"https:\/\/www.geoperito.com.br\/geoperito\/ead\/wp-content\/uploads\/2020\/12\/sound.png 1130w, https:\/\/www.geoperito.com.br\/geoperito\/ead\/wp-content\/uploads\/2020\/12\/sound-300x70.png 300w, https:\/\/www.geoperito.com.br\/geoperito\/ead\/wp-content\/uploads\/2020\/12\/sound-1024x238.png 1024w, https:\/\/www.geoperito.com.br\/geoperito\/ead\/wp-content\/uploads\/2020\/12\/sound-768x179.png 768w, https:\/\/www.geoperito.com.br\/geoperito\/ead\/wp-content\/uploads\/2020\/12\/sound-520x121.png 520w, https:\/\/www.geoperito.com.br\/geoperito\/ead\/wp-content\/uploads\/2020\/12\/sound-740x172.png 740w\" sizes=\"(max-width: 1130px) 100vw, 1130px\" \/><\/a><\/p>\n<p id=\"NzIyNDY1\" class=\"frase fr\" style=\"text-align: center;\"><span style=\"font-size: 10pt; color: #000000;\">Lute,\u00a0 acredite, conquiste, perca, deseje, espere, alcance, invada, e se for preciso caia. Seja tudo o quiser ser, mas acima de tudo, seja voc\u00ea sempre. Desistir nunca, render-se jamais, olho de tigre, kara! Autor: Geoperito\u00a0<\/span><\/p>\n<p><a href=\"https:\/\/geoperitocursosead.orbitpages.online\/mentalidade-vencedora\" target=\"_blank\" rel=\"noopener\"><img loading=\"lazy\" decoding=\"async\" class=\"aligncenter wp-image-9589 size-full\" src=\"https:\/\/www.geoperito.com.br\/geoperito\/ead\/wp-content\/uploads\/2021\/01\/11.png\" alt=\"\" width=\"614\" height=\"348\" srcset=\"https:\/\/www.geoperito.com.br\/geoperito\/ead\/wp-content\/uploads\/2021\/01\/11.png 614w, https:\/\/www.geoperito.com.br\/geoperito\/ead\/wp-content\/uploads\/2021\/01\/11-300x170.png 300w, https:\/\/www.geoperito.com.br\/geoperito\/ead\/wp-content\/uploads\/2021\/01\/11-520x295.png 520w\" sizes=\"(max-width: 614px) 100vw, 614px\" \/><\/a><\/p>\n<p id=\"OTQ3Nzk0\" class=\"frase fr\" style=\"text-align: center;\"><span style=\"font-size: 10pt; color: #000000;\">Acredite em si pr\u00f3prio e chegar\u00e1 um dia em que os outros n\u00e3o ter\u00e3o outra escolha sen\u00e3o acreditar com voc\u00ea.\u00a0Cynthia Kersey<\/span><\/p>\n","protected":false},"featured_media":8342,"template":"","meta":[],"product_brand":[],"product_cat":[15],"product_tag":[],"class_list":{"0":"post-5781","1":"product","2":"type-product","3":"status-publish","4":"has-post-thumbnail","6":"product_cat-curso-de-pericia","8":"first","9":"instock","10":"featured","11":"product-type-external"},"_links":{"self":[{"href":"https:\/\/www.geoperito.com.br\/geoperito\/ead\/wp-json\/wp\/v2\/product\/5781","targetHints":{"allow":["GET"]}}],"collection":[{"href":"https:\/\/www.geoperito.com.br\/geoperito\/ead\/wp-json\/wp\/v2\/product"}],"about":[{"href":"https:\/\/www.geoperito.com.br\/geoperito\/ead\/wp-json\/wp\/v2\/types\/product"}],"version-history":[{"count":0,"href":"https:\/\/www.geoperito.com.br\/geoperito\/ead\/wp-json\/wp\/v2\/product\/5781\/revisions"}],"wp:featuredmedia":[{"embeddable":true,"href":"https:\/\/www.geoperito.com.br\/geoperito\/ead\/wp-json\/wp\/v2\/media\/8342"}],"wp:attachment":[{"href":"https:\/\/www.geoperito.com.br\/geoperito\/ead\/wp-json\/wp\/v2\/media?parent=5781"}],"wp:term":[{"taxonomy":"product_brand","embeddable":true,"href":"https:\/\/www.geoperito.com.br\/geoperito\/ead\/wp-json\/wp\/v2\/product_brand?post=5781"},{"taxonomy":"product_cat","embeddable":true,"href":"https:\/\/www.geoperito.com.br\/geoperito\/ead\/wp-json\/wp\/v2\/product_cat?post=5781"},{"taxonomy":"product_tag","embeddable":true,"href":"https:\/\/www.geoperito.com.br\/geoperito\/ead\/wp-json\/wp\/v2\/product_tag?post=5781"}],"curies":[{"name":"wp","href":"https:\/\/api.w.org\/{rel}","templated":true}]}}