{"id":3908,"date":"2020-04-05T03:35:09","date_gmt":"2020-04-05T06:35:09","guid":{"rendered":"https:\/\/www.geoperito.com.br\/geoperito\/ead\/?post_type=product&#038;p=3908"},"modified":"2024-07-08T11:07:15","modified_gmt":"2024-07-08T14:07:15","slug":"3908","status":"publish","type":"product","link":"https:\/\/www.geoperito.com.br\/geoperito\/ead\/produto\/3908\/","title":{"rendered":"Cadastro de peritos, aqui voc\u00ea encontra o endere\u00e7o eletr\u00f4nico para se cadastrar no Tribunal do seu Estado. Fa\u00e7a o cadastro e receba gratuitamente!"},"content":{"rendered":"<h2 style=\"text-align: center;\">Neste espa\u00e7o voc\u00ea tem acesso ao cadastramento de perito no tribunal do seu Estado. Clique fa\u00e7a seu cadastro e receba gratuitamente!<\/h2>\n<p style=\"text-align: center;\">Conhe\u00e7a tamb\u00e9m meus cursos e ebooks da \u00e1rea de per\u00edcia ambiental!<\/p>\n<h2 style=\"text-align: center;\"><strong>EBOOK GEOPERITO<\/strong><\/h2>\n<h2 style=\"text-align: center;\"><strong>ESTRAT\u00c9GIAS DE CA\u00c7A PARA DEMANDAS AMBIENTAIS <\/strong><\/h2>\n<h2 style=\"text-align: center;\"><a href=\"https:\/\/www.geoperito.com.br\/geoperito\/ead\/estrategias-de-cacas-pra-demandas-ambientais\/\" target=\"_blank\" rel=\"noopener\"><img fetchpriority=\"high\" decoding=\"async\" class=\"alignleft wp-image-15171\" src=\"https:\/\/www.geoperito.com.br\/geoperito\/ead\/wp-content\/uploads\/2023\/09\/tigresolitario-248x300.png\" alt=\"\" width=\"267\" height=\"323\" srcset=\"https:\/\/www.geoperito.com.br\/geoperito\/ead\/wp-content\/uploads\/2023\/09\/tigresolitario-248x300.png 248w, https:\/\/www.geoperito.com.br\/geoperito\/ead\/wp-content\/uploads\/2023\/09\/tigresolitario-300x362.png 300w, https:\/\/www.geoperito.com.br\/geoperito\/ead\/wp-content\/uploads\/2023\/09\/tigresolitario.png 461w\" sizes=\"(max-width: 267px) 100vw, 267px\" \/><\/a><\/h2>\n<p style=\"padding-left: 40px; text-align: justify;\">O olho de tigre \u00e9 um m\u00e9todo para voc\u00ea transformar sua carreira, para ter mais resultados no seu dia a dia, para voc\u00ea sair da zona de conforto e entrar em um c\u00edrculo de prosperidade em todas as \u00e1reas da sua vida.\u00a0A\u00e7\u00f5es de ca\u00e7a fazem parte do dia a dia de um tigre na selva em sua luta para sobreviver. Essa realidade selvagem nos remete a descri\u00e7\u00e3o da luta travada todos os dias no mundo dos neg\u00f3cios por in\u00fameros profissionais, executivos e\u00a0 empreendedores que precisam enfrentar obst\u00e1culos pra vencer e alcan\u00e7ar os objetivos. Na selva corporativa, todos os dias h\u00e1 problemas imensos e urgentes para resolver obst\u00e1culos intransporn\u00edveis para ser vencidos e encruzilhadas que implicam decis\u00f5es muito dif\u00edceis. S\u00e3o situa\u00e7\u00f5es que exigem seguran\u00e7a , precis\u00e3o e rapidez. Na luta pela ascens\u00e3o da carreira, esse \u00e9 o cotidiano. Nessas\u00a0 oportunidades, voc\u00ea tem a sensa\u00e7\u00e3o de que alguma coisa o fez vencer, voc\u00ea tem algo que o fez se diferenciar de todas as outras pessoas e se destacar como vencedor, isso \u00e9 o que eu chamo de aplicar a Estrat\u00e9gia do Oho de Tigre.<\/p>\n<h4 style=\"text-align: center;\"><strong><em>Olhos de Tigre cara!<\/em><\/strong><strong><em>\u00a0 \u00a0 \u00a0 \u00a0 \u00a0 \u00a0 \u00a0 \u00a0 \u00a0 \u00a0 \u00a0 \u00a0 \u00a0 \u00a0 \u00a0 \u00a0 \u00a0 \u00a0 \u00a0 \u00a0 \u00a0 \u00a0 \u00a0 \u00a0 \u00a0 \u00a0 \u00a0 \u00a0 \u00a0 \u00a0 \u00a0 \u00a0 \u00a0 \u00a0 \u00a0 \u00a0 \u00a0 \u00a0 \u00a0 \u00a0 \u00a0 \u00a0 \u00a0 \u00a0 \u00a0 \u00a0 \u00a0 \u00a0 \u00a0 \u00a0 \u00a0 \u00a0 \u00a0 \u00a0 \u00a0 \u00a0 \u00a0 \u00a0 \u00a0 \u00a0 \u00a0 \u00a0 \u00a0 \u00a0 \u00a0 \u00a0 \u00a0 \u00a0 <a href=\"https:\/\/www.geoperito.com.br\/geoperito\/ead\/estrategias-de-cacas-pra-demandas-ambientais\/\" target=\"_blank\" rel=\"noopener\"><img decoding=\"async\" class=\"alignleft wp-image-1781\" src=\"https:\/\/www.geoperito.com.br\/geoperito\/ead\/wp-content\/uploads\/2019\/06\/images-14-1-300x86.jpg\" alt=\"\" width=\"438\" height=\"125\" \/><\/a><\/em><\/strong><\/h4>\n<h4><\/h4>\n<p>&nbsp;<\/p>\n<h4><\/h4>\n<ul>\n<li>DO PERITO JUDICIAL \u2013 CONSIDERA\u00c7\u00d5ES<\/li>\n<\/ul>\n<p>Em determinadas causas judiciais, \u00e9 necess\u00e1ria a realiza\u00e7\u00e3o de estudo ou an\u00e1lise criteriosa do ponto de vista t\u00e9cnico ou cient\u00edfico de determinada \u00e1rea do conhecimento, para que o juiz possa formar sua convic\u00e7\u00e3o e decidir o caso.Assim, para comprovar\/analisar fatos e\/ou documentos, o perito judicial \u00e9 convocado para dar subs\u00eddios de natureza t\u00e9cnica \u00e0 decis\u00e3o judicial, por\u00e9m o juiz n\u00e3o se vincula ao que est\u00e1 descrito no laudo pericial, pois o magistrado dever\u00e1 formar a sua convic\u00e7\u00e3o com outros elementos ou fatos provados nos autos (art. 436 do CPC).<\/p>\n<p>Sobre o perito judicial, o C\u00f3digo Processual Civil estabelece que:<\/p>\n<h4><img decoding=\"async\" class=\"wp-image-1816 alignright\" src=\"https:\/\/www.geoperito.com.br\/geoperito\/ead\/wp-content\/uploads\/2019\/06\/mosaicovendas-300x300.png\" alt=\"\" width=\"340\" height=\"340\" srcset=\"https:\/\/www.geoperito.com.br\/geoperito\/ead\/wp-content\/uploads\/2019\/06\/mosaicovendas-300x301.png 300w, https:\/\/www.geoperito.com.br\/geoperito\/ead\/wp-content\/uploads\/2019\/06\/mosaicovendas-100x100.png 100w, https:\/\/www.geoperito.com.br\/geoperito\/ead\/wp-content\/uploads\/2019\/06\/mosaicovendas-150x150.png 150w, https:\/\/www.geoperito.com.br\/geoperito\/ead\/wp-content\/uploads\/2019\/06\/mosaicovendas-520x522.png 520w, https:\/\/www.geoperito.com.br\/geoperito\/ead\/wp-content\/uploads\/2019\/06\/mosaicovendas.png 603w\" sizes=\"(max-width: 340px) 100vw, 340px\" \/><\/h4>\n<p><em>Art. 145. Quando a prova do fato depender de conhecimento t\u00e9cnico ou cient\u00edfico, o juiz ser\u00e1 assistido por perito, segundo o disposto no art. 421.<\/em><\/p>\n<p>A atividade do perito judicial constitui m\u00fanus p\u00fablico, dada sua relev\u00e2ncia na administra\u00e7\u00e3o da justi\u00e7a.Para a realiza\u00e7\u00e3o da prova pericial, o perito dever\u00e1 prestar compromisso perante a Lei (de executar cuidadosamente o encargo) ou ser inquinado de suspei\u00e7\u00e3o ou impedimento (artigos 422 e 423<\/p>\n<p>do CPC).<\/p>\n<p>&nbsp;<\/p>\n<p>O perito judicial \u00e9 escolhido entre profissionais de n\u00edvel universit\u00e1rio, devidamente inscrito no \u00f3rg\u00e3o de classe competente (ex: CREA, CRC, CRA, CRQ), e, dependendo do tipo de per\u00edcia, ser\u00e1 preciso comprovar a especialidade do profissional na mat\u00e9ria sobre a qual dever\u00e1 opinar, mediante certid\u00e3o do conselho em que estiverem inscritos (artigo 145, \u00a71\u00b0 e \u00a72\u00b0 do CPC).<\/p>\n<p>Como auxiliar do ju\u00edzo, o perito judicial ir\u00e1 subsidiar a decis\u00e3o judicial sobre a mat\u00e9ria em quest\u00e3o, devendo emitir suas conclus\u00f5es sempre de natureza t\u00e9cnica no prazo estabelecido pelo juiz (artigo 146 do CPC). Contudo, o profissional convocado pode escusar-se do encargo alegando motivo leg\u00edtimo (art. 146 do CPC), ou seja, caso o assistente n\u00e3o tenha especializa\u00e7\u00e3o na \u00e1rea da mat\u00e9ria judicial, ou por ter grau de parentesco com uma das partes no processo, ou at\u00e9 mesmo por quest\u00f5es\u00a0 pessoais, desde que por raz\u00f5es fundamentadas, o perito pode deixar de exercer o encargo.<\/p>\n<h1><a href=\"https:\/\/www.geoperito.com.br\/geoperito\/ead\/quem-sou\/\" target=\"_blank\" rel=\"noopener\"><img loading=\"lazy\" decoding=\"async\" class=\"alignright wp-image-15110\" src=\"https:\/\/www.geoperito.com.br\/geoperito\/ead\/wp-content\/uploads\/2023\/09\/WhatsApp-Image-2023-08-27-at-12.41.41-300x225.jpeg\" alt=\"\" width=\"371\" height=\"278\" \/><\/a><\/h1>\n<p>Al\u00e9m desta hip\u00f3tese, o perito pode ser substitu\u00eddo por outro se deixar de cumprir o prazo estabelecido pelo juiz. Neste caso, haver\u00e1 comunica\u00e7\u00e3o do ocorrido ao respectivo conselho profissional, podendo, ainda, haver a imposi\u00e7\u00e3o de multa ao profissional, a qual ser\u00e1 fixada tendo em vista o valor da causa e o poss\u00edvel preju\u00edzo decorrente do atraso no processo (art. 424, par\u00e1grafo \u00fanico, do CPC).<\/p>\n<p>A comunica\u00e7\u00e3o do profissional informando a impossibilidade de realizar o encargo deve ser apresentada dentro de 5 (cinco) dias, contados da intima\u00e7\u00e3o (momento em que foi oficialmente chamado a exercer a fun\u00e7\u00e3o de perito) ou do impedimento superveniente, sob pena de se reputar renunciado o direito a aleg\u00e1-la (art. 146, par\u00e1grafo \u00fanico, do CPC).<\/p>\n<p>Em raz\u00e3o da relev\u00e2ncia da atua\u00e7\u00e3o do perito judicial, verifica-se que \u00e9 imprescind\u00edvel a comunica\u00e7\u00e3o do profissional ao ju\u00edzo informando sobre qualquer impossibilidade de se cumprir o encargo no prazo determinado com anteced\u00eancia, para evitar preju\u00edzo \u00e0 demanda judicial.<\/p>\n<p><a href=\"https:\/\/www.geoperito.com.br\/geoperito\/ead\/quem-sou\/\" target=\"_blank\" rel=\"noopener\"><img loading=\"lazy\" decoding=\"async\" class=\"alignleft wp-image-5045 size-medium\" src=\"https:\/\/www.geoperito.com.br\/geoperito\/ead\/wp-content\/uploads\/2020\/06\/geoperito-2-300x240.png\" alt=\"\" width=\"300\" height=\"240\" \/><\/a><\/p>\n<p><b>Geoperito &#8211; Estrat\u00e9gia: O olho de Tigre<\/b><br \/>\n<a title=\"Link: http:\/\/www.geoperito.com.br\/\" href=\"http:\/\/www.geoperito.com.br\/\" target=\"\" rel=\"noopener noreferrer\">www.geoperito.com.br<\/a><br \/>\n<a title=\"Link: https:\/\/www.geoperito.com.br\/ead\/\" href=\"http:\/\/www.geoperito.com.br\/geoperito\/ead\/\" target=\"\" rel=\"noopener noreferrer\">www.geoperito.com.br\/geoperito\/ead\/<\/a><br \/>\nEmail: geoperito1@geoperito.com.br<br \/>\nContato: (31) 993369149<\/p>\n<p>&nbsp;<\/p>\n","protected":false},"excerpt":{"rendered":"<p><img loading=\"lazy\" decoding=\"async\" class=\"aligncenter wp-image-16568 size-full\" src=\"https:\/\/www.geoperito.com.br\/geoperito\/ead\/wp-content\/uploads\/2023\/11\/perfil9.png\" alt=\"\" width=\"1748\" height=\"1240\" srcset=\"https:\/\/www.geoperito.com.br\/geoperito\/ead\/wp-content\/uploads\/2023\/11\/perfil9.png 1748w, https:\/\/www.geoperito.com.br\/geoperito\/ead\/wp-content\/uploads\/2023\/11\/perfil9-300x213.png 300w, https:\/\/www.geoperito.com.br\/geoperito\/ead\/wp-content\/uploads\/2023\/11\/perfil9-1024x726.png 1024w, https:\/\/www.geoperito.com.br\/geoperito\/ead\/wp-content\/uploads\/2023\/11\/perfil9-768x545.png 768w, https:\/\/www.geoperito.com.br\/geoperito\/ead\/wp-content\/uploads\/2023\/11\/perfil9-1536x1090.png 1536w, https:\/\/www.geoperito.com.br\/geoperito\/ead\/wp-content\/uploads\/2023\/11\/perfil9-520x369.png 520w, https:\/\/www.geoperito.com.br\/geoperito\/ead\/wp-content\/uploads\/2023\/11\/perfil9-740x525.png 740w\" sizes=\"(max-width: 1748px) 100vw, 1748px\" \/><\/p>\n","protected":false},"featured_media":12034,"template":"","meta":[],"product_brand":[],"product_cat":[15],"product_tag":[],"class_list":{"0":"post-3908","1":"product","2":"type-product","3":"status-publish","4":"has-post-thumbnail","6":"product_cat-curso-de-pericia","8":"first","9":"instock","10":"featured","11":"product-type-external"},"_links":{"self":[{"href":"https:\/\/www.geoperito.com.br\/geoperito\/ead\/wp-json\/wp\/v2\/product\/3908","targetHints":{"allow":["GET"]}}],"collection":[{"href":"https:\/\/www.geoperito.com.br\/geoperito\/ead\/wp-json\/wp\/v2\/product"}],"about":[{"href":"https:\/\/www.geoperito.com.br\/geoperito\/ead\/wp-json\/wp\/v2\/types\/product"}],"version-history":[{"count":0,"href":"https:\/\/www.geoperito.com.br\/geoperito\/ead\/wp-json\/wp\/v2\/product\/3908\/revisions"}],"wp:featuredmedia":[{"embeddable":true,"href":"https:\/\/www.geoperito.com.br\/geoperito\/ead\/wp-json\/wp\/v2\/media\/12034"}],"wp:attachment":[{"href":"https:\/\/www.geoperito.com.br\/geoperito\/ead\/wp-json\/wp\/v2\/media?parent=3908"}],"wp:term":[{"taxonomy":"product_brand","embeddable":true,"href":"https:\/\/www.geoperito.com.br\/geoperito\/ead\/wp-json\/wp\/v2\/product_brand?post=3908"},{"taxonomy":"product_cat","embeddable":true,"href":"https:\/\/www.geoperito.com.br\/geoperito\/ead\/wp-json\/wp\/v2\/product_cat?post=3908"},{"taxonomy":"product_tag","embeddable":true,"href":"https:\/\/www.geoperito.com.br\/geoperito\/ead\/wp-json\/wp\/v2\/product_tag?post=3908"}],"curies":[{"name":"wp","href":"https:\/\/api.w.org\/{rel}","templated":true}]}}